{"id":28,"date":"2025-06-08T02:11:58","date_gmt":"2025-06-08T02:11:58","guid":{"rendered":"https:\/\/vikas.cl\/?page_id=28"},"modified":"2025-11-21T03:46:02","modified_gmt":"2025-11-21T03:46:02","slug":"quienes-somos","status":"publish","type":"page","link":"https:\/\/vikas.cl\/?page_id=28","title":{"rendered":"Qui\u00e9nes Somos"},"content":{"rendered":"<p>[et_pb_section fb_built=&#8221;1&#8243; custom_padding_last_edited=&#8221;on|phone&#8221; module_id=&#8221;section_nosotros&#8221; _builder_version=&#8221;4.27.4&#8243; _module_preset=&#8221;default&#8221; background_enable_color=&#8221;off&#8221; position_origin_f=&#8221;bottom_center&#8221; height=&#8221;100vh&#8221; custom_padding=&#8221;31vh||0px||false|false&#8221; custom_padding_tablet=&#8221;24vh||0px||false|false&#8221; custom_padding_phone=&#8221;30vh||||false|false&#8221; global_colors_info=&#8221;{}&#8221;][et_pb_row _builder_version=&#8221;4.27.4&#8243; _module_preset=&#8221;default&#8221; global_colors_info=&#8221;{}&#8221;][et_pb_column type=&#8221;4_4&#8243; _builder_version=&#8221;4.27.4&#8243; _module_preset=&#8221;default&#8221; global_colors_info=&#8221;{}&#8221;][et_pb_text _builder_version=&#8221;4.27.4&#8243; _module_preset=&#8221;default&#8221; text_font_size=&#8221;17px&#8221; header_font=&#8221;Oswald||||||||&#8221; header_text_color=&#8221;#2ea3f2&#8243; header_font_size=&#8221;52px&#8221; header_font_size_tablet=&#8221;52px&#8221; header_font_size_phone=&#8221;45px&#8221; header_font_size_last_edited=&#8221;on|desktop&#8221; global_colors_info=&#8221;{}&#8221;]<\/p>\n<h1 data-start=\"48\" data-end=\"85\" style=\"text-align: center;\"><span style=\"color: #000000;\"><strong data-start=\"51\" data-end=\"83\">Un Compromiso con el Confort<\/strong><\/span><\/h1>\n<p><span style=\"color: #000000;\"><strong data-start=\"51\" data-end=\"83\"><\/strong><\/span><\/p>\n<p data-start=\"86\" data-end=\"312\" style=\"text-align: center;\">Nuestra trayectoria refleja dedicaci\u00f3n, innovaci\u00f3n y un compromiso constante con el bienestar de las personas. Cada proyecto es una oportunidad para ofrecer confort, eficiencia energ\u00e9tica y un impacto positivo en el entorno.<\/p>\n<p>[\/et_pb_text][\/et_pb_column][\/et_pb_row][et_pb_row column_structure=&#8221;1_4,1_4,1_4,1_4&#8243; make_equal=&#8221;on&#8221; disabled_on=&#8221;on|off|off&#8221; _builder_version=&#8221;4.27.4&#8243; _module_preset=&#8221;default&#8221; max_width=&#8221;2560px&#8221; custom_margin=&#8221;34vh|auto||auto|false|false&#8221; custom_padding=&#8221;||0px||false|false&#8221; global_colors_info=&#8221;{}&#8221;][et_pb_column type=&#8221;1_4&#8243; _builder_version=&#8221;4.27.4&#8243; _module_preset=&#8221;default&#8221; global_colors_info=&#8221;{}&#8221;][et_pb_text _builder_version=&#8221;4.27.4&#8243; _module_preset=&#8221;default&#8221; header_text_color=&#8221;#2ea3f2&#8243; header_font_size=&#8221;50px&#8221; hover_enabled=&#8221;0&#8243; global_colors_info=&#8221;{}&#8221; sticky_enabled=&#8221;0&#8243;]<\/p>\n<h1 style=\"text-align: center;\">8+<\/h1>\n<h2 style=\"text-align: center;\">A\u00f1os de Experiencia<\/h2>\n<p>[\/et_pb_text][\/et_pb_column][et_pb_column type=&#8221;1_4&#8243; _builder_version=&#8221;4.27.4&#8243; _module_preset=&#8221;default&#8221; global_colors_info=&#8221;{}&#8221;][et_pb_text _builder_version=&#8221;4.27.4&#8243; _module_preset=&#8221;default&#8221; header_text_color=&#8221;#2ea3f2&#8243; header_font_size=&#8221;50px&#8221; hover_enabled=&#8221;0&#8243; global_colors_info=&#8221;{}&#8221; sticky_enabled=&#8221;0&#8243;]<\/p>\n<h1 style=\"text-align: center;\">500+<\/h1>\n<h2 style=\"text-align: center;\">Proyectos Completados<\/h2>\n<p>[\/et_pb_text][\/et_pb_column][et_pb_column type=&#8221;1_4&#8243; _builder_version=&#8221;4.27.4&#8243; _module_preset=&#8221;default&#8221; global_colors_info=&#8221;{}&#8221;][et_pb_text _builder_version=&#8221;4.27.4&#8243; _module_preset=&#8221;default&#8221; header_text_color=&#8221;#2ea3f2&#8243; header_font_size=&#8221;50px&#8221; hover_enabled=&#8221;0&#8243; global_colors_info=&#8221;{}&#8221; sticky_enabled=&#8221;0&#8243;]<\/p>\n<h1 style=\"text-align: center;\">1000+<\/h1>\n<h2 style=\"text-align: center;\">Clientes Satisfechos<\/h2>\n<p>[\/et_pb_text][\/et_pb_column][et_pb_column type=&#8221;1_4&#8243; _builder_version=&#8221;4.27.4&#8243; _module_preset=&#8221;default&#8221; global_colors_info=&#8221;{}&#8221;][et_pb_text _builder_version=&#8221;4.27.4&#8243; _module_preset=&#8221;default&#8221; header_text_color=&#8221;#2ea3f2&#8243; header_font_size=&#8221;50px&#8221; global_colors_info=&#8221;{}&#8221;]<\/p>\n<h1 style=\"text-align: center;\">100%<\/h1>\n<h2 style=\"text-align: center;\">Tasa de Satisfacci\u00f3n<\/h2>\n<p>[\/et_pb_text][\/et_pb_column][\/et_pb_row][\/et_pb_section][et_pb_section fb_built=&#8221;1&#8243; _builder_version=&#8221;4.27.4&#8243; _module_preset=&#8221;default&#8221; custom_padding=&#8221;||4px|||&#8221; global_colors_info=&#8221;{}&#8221;][et_pb_row column_structure=&#8221;1_2,1_2&#8243; _builder_version=&#8221;4.27.4&#8243; _module_preset=&#8221;default&#8221; width=&#8221;70%&#8221; max_width=&#8221;2560px&#8221; custom_margin=&#8221;60px|auto||auto||&#8221; global_colors_info=&#8221;{}&#8221;][et_pb_column type=&#8221;1_2&#8243; _builder_version=&#8221;4.27.4&#8243; _module_preset=&#8221;default&#8221; global_colors_info=&#8221;{}&#8221;][et_pb_text _builder_version=&#8221;4.27.4&#8243; _module_preset=&#8221;default&#8221; text_font=&#8221;PT Sans||||||||&#8221; text_font_size=&#8221;16px&#8221; header_font=&#8221;Oswald||||||||&#8221; header_font_size=&#8221;40px&#8221; global_colors_info=&#8221;{}&#8221;]<\/p>\n<h1 data-start=\"93\" data-end=\"122\"><span style=\"color: #000000;\">Una<\/span><span style=\"color: #000000;\"> D\u00e9cada de Excelencia<\/span><\/h1>\n<p>&nbsp;<\/p>\n<ul>\n<li data-start=\"126\" data-end=\"434\">Fundada en <span style=\"color: #2ea3f2;\"><strong data-start=\"137\" data-end=\"145\">2017<\/strong><\/span>, Vikas naci\u00f3 con la firme visi\u00f3n de transformar la industria de la climatizaci\u00f3n en Chile. Nuestro objetivo inicial fue claro: ofrecer soluciones <span style=\"color: #2ea3f2;\"><strong data-start=\"292\" data-end=\"307\">innovadoras<\/strong><\/span> y de <span style=\"color: #2ea3f2;\"><strong data-start=\"313\" data-end=\"332\">alta eficiencia<\/strong><\/span>\u00a0que respondieran a las crecientes necesidades tanto de grandes empresas como de hogares.\u00a0<\/li>\n<\/ul>\n<ul>\n<li data-start=\"781\" data-end=\"1073\">Durante casi <span style=\"color: #2ea3f2;\"><strong data-start=\"796\" data-end=\"810\">una d\u00e9cada<\/strong><\/span>, hemos tenido el privilegio de colaborar con destacadas empresas en diversos sectores y de llevar soluciones de climatizaci\u00f3n a miles de hogares a lo largo y ancho del pa\u00eds. Esta vasta experiencia nos ha permitido construir una s\u00f3lida reputaci\u00f3n en el mercado.<\/li>\n<\/ul>\n<p>[\/et_pb_text][\/et_pb_column][et_pb_column type=&#8221;1_2&#8243; _builder_version=&#8221;4.27.4&#8243; _module_preset=&#8221;default&#8221; global_colors_info=&#8221;{}&#8221;][et_pb_image src=&#8221;https:\/\/vikas.cl\/wp-content\/uploads\/2025\/10\/Logo-Vikas-Oscuro.png&#8221; title_text=&#8221;Logo Vikas Oscuro&#8221; _builder_version=&#8221;4.27.4&#8243; _module_preset=&#8221;default&#8221; global_colors_info=&#8221;{}&#8221;][\/et_pb_image][\/et_pb_column][\/et_pb_row][\/et_pb_section][et_pb_section fb_built=&#8221;1&#8243; _builder_version=&#8221;4.27.4&#8243; _module_preset=&#8221;default&#8221; background_color=&#8221;#FFFFFF&#8221; custom_padding=&#8221;||54px|||&#8221; global_colors_info=&#8221;{}&#8221;][et_pb_row column_structure=&#8221;1_2,1_2&#8243; make_equal=&#8221;on&#8221; _builder_version=&#8221;4.27.4&#8243; _module_preset=&#8221;default&#8221; max_width=&#8221;2560px&#8221; global_colors_info=&#8221;{}&#8221;][et_pb_column type=&#8221;1_2&#8243; _builder_version=&#8221;4.27.4&#8243; _module_preset=&#8221;default&#8221; background_color=&#8221;#FFFFFF&#8221; custom_padding=&#8221;20px|20px|20px|20px|true|true&#8221; border_radii=&#8221;on|6px|6px|6px|6px&#8221; box_shadow_style=&#8221;preset3&#8243; global_colors_info=&#8221;{}&#8221;][et_pb_heading title=&#8221;Misi\u00f3n&#8221; _builder_version=&#8221;4.27.4&#8243; _module_preset=&#8221;default&#8221; title_level=&#8221;h2&#8243; title_font=&#8221;Oswald||||||||&#8221; title_text_color=&#8221;#000000&#8243; title_font_size=&#8221;29px&#8221; custom_margin=&#8221;||10px||false|false&#8221; global_colors_info=&#8221;{}&#8221;][\/et_pb_heading][et_pb_text _builder_version=&#8221;4.27.4&#8243; _module_preset=&#8221;default&#8221; text_font=&#8221;PT Sans||||||||&#8221; text_font_size=&#8221;16px&#8221; global_colors_info=&#8221;{}&#8221;]<\/p>\n<div class=\"bg-white rounded-xl shadow-md p-6 border border-gray-100 flex flex-col\">\n<p class=\"text-gray-600 leading-relaxed flex-grow\">Nuestra misi\u00f3n es proporcionar soluciones de climatizaci\u00f3n de alta calidad, eficientes y sostenibles, que mejoren el confort y la calidad de vida de nuestros clientes, a trav\u00e9s de un servicio profesional y personalizado.<\/p>\n<\/div>\n<div class=\"bg-white rounded-xl shadow-md p-6 border border-gray-100 flex flex-col\"><\/div>\n<p>[\/et_pb_text][\/et_pb_column][et_pb_column type=&#8221;1_2&#8243; _builder_version=&#8221;4.27.4&#8243; _module_preset=&#8221;default&#8221; background_color=&#8221;#FFFFFF&#8221; custom_padding=&#8221;20px|20px|20px|20px|true|true&#8221; border_radii=&#8221;on|6px|6px|6px|6px&#8221; box_shadow_style=&#8221;preset3&#8243; global_colors_info=&#8221;{}&#8221;][et_pb_heading title=&#8221;Visi\u00f3n&#8221; _builder_version=&#8221;4.27.4&#8243; _module_preset=&#8221;default&#8221; title_level=&#8221;h2&#8243; title_font=&#8221;Oswald||||||||&#8221; title_text_color=&#8221;#000000&#8243; title_font_size=&#8221;29px&#8221; custom_margin=&#8221;||10px||false|false&#8221; global_colors_info=&#8221;{}&#8221;][\/et_pb_heading][et_pb_text _builder_version=&#8221;4.27.4&#8243; _module_preset=&#8221;default&#8221; text_font=&#8221;PT Sans||||||||&#8221; text_font_size=&#8221;16px&#8221; global_colors_info=&#8221;{}&#8221;]<\/p>\n<div class=\"bg-white rounded-xl shadow-md p-6 border border-gray-100 flex flex-col\">\n<p class=\"text-gray-600 leading-relaxed flex-grow\">Nuestra misi\u00f3n es proporcionar soluciones de climatizaci\u00f3n de alta calidad, eficientes y sostenibles, que mejoren el confort y la calidad de vida de nuestros clientes, a trav\u00e9s de un servicio profesional y personalizado.<\/p>\n<\/div>\n<div class=\"bg-white rounded-xl shadow-md p-6 border border-gray-100 flex flex-col\"><\/div>\n<p>[\/et_pb_text][\/et_pb_column][\/et_pb_row][et_pb_row _builder_version=&#8221;4.27.4&#8243; _module_preset=&#8221;default&#8221; custom_margin=&#8221;10vh||||false|false&#8221; global_colors_info=&#8221;{}&#8221;][et_pb_column type=&#8221;4_4&#8243; _builder_version=&#8221;4.27.4&#8243; _module_preset=&#8221;default&#8221; global_colors_info=&#8221;{}&#8221;][et_pb_text _builder_version=&#8221;4.27.4&#8243; _module_preset=&#8221;default&#8221; text_font_size=&#8221;17px&#8221; global_colors_info=&#8221;{}&#8221;]<\/p>\n<h1 style=\"text-align: center;\">Los Pilares que nos Sostienen<\/h1>\n<p style=\"text-align: center;\">\n<p style=\"text-align: center;\">Principios fundamentales que gu\u00edan nuestras acciones y desiciones<\/p>\n<p>[\/et_pb_text][\/et_pb_column][\/et_pb_row][et_pb_row column_structure=&#8221;1_4,1_4,1_4,1_4&#8243; make_equal=&#8221;on&#8221; _builder_version=&#8221;4.27.4&#8243; _module_preset=&#8221;default&#8221; max_width=&#8221;2560px&#8221; global_colors_info=&#8221;{}&#8221;][et_pb_column type=&#8221;1_4&#8243; _builder_version=&#8221;4.27.4&#8243; _module_preset=&#8221;default&#8221; background_color=&#8221;#FFFFFF&#8221; custom_padding=&#8221;20px|20px|20px|20px|true|true&#8221; border_radii=&#8221;on|6px|6px|6px|6px&#8221; box_shadow_style=&#8221;preset3&#8243; global_colors_info=&#8221;{}&#8221;][et_pb_icon font_icon=&#8221;&#xf00c;||fa||900&#8243; icon_width=&#8221;30px&#8221; align=&#8221;left&#8221; _builder_version=&#8221;4.27.4&#8243; _module_preset=&#8221;default&#8221; custom_margin=&#8221;||8px|||&#8221; global_colors_info=&#8221;{}&#8221;][\/et_pb_icon][et_pb_heading title=&#8221;Excelencia&#8221; _builder_version=&#8221;4.27.4&#8243; _module_preset=&#8221;default&#8221; title_level=&#8221;h2&#8243; custom_margin=&#8221;15px||10px||false|false&#8221; global_colors_info=&#8221;{}&#8221;][\/et_pb_heading][et_pb_text _builder_version=&#8221;4.27.4&#8243; _module_preset=&#8221;default&#8221; text_font_size=&#8221;16px&#8221; global_colors_info=&#8221;{}&#8221;]<\/p>\n<div class=\"glass-card\">\n<p class=\"text-gray-600\">Nos esforzamos por brindar servicios de la m\u00e1s alta calidad, superando las expectativas de nuestros clientes en cada proyecto.<\/p>\n<\/div>\n<div class=\"glass-card\">\n<div class=\"mb-4 text-primary-600\"><\/div>\n<\/div>\n<p>[\/et_pb_text][\/et_pb_column][et_pb_column type=&#8221;1_4&#8243; _builder_version=&#8221;4.27.4&#8243; _module_preset=&#8221;default&#8221; background_color=&#8221;#FFFFFF&#8221; custom_padding=&#8221;20px|20px|20px|20px|true|true&#8221; border_radii=&#8221;on|6px|6px|6px|6px&#8221; box_shadow_style=&#8221;preset3&#8243; global_colors_info=&#8221;{}&#8221;][et_pb_icon font_icon=&#8221;&#xf017;||fa||400&#8243; icon_width=&#8221;30px&#8221; align=&#8221;left&#8221; _builder_version=&#8221;4.27.4&#8243; _module_preset=&#8221;default&#8221; custom_margin=&#8221;||8px|||&#8221; global_colors_info=&#8221;{}&#8221;][\/et_pb_icon][et_pb_heading title=&#8221;Puntualidad&#8221; _builder_version=&#8221;4.27.4&#8243; _module_preset=&#8221;default&#8221; title_level=&#8221;h2&#8243; custom_margin=&#8221;15px||10px||false|false&#8221; global_colors_info=&#8221;{}&#8221;][\/et_pb_heading][et_pb_text _builder_version=&#8221;4.27.4&#8243; _module_preset=&#8221;default&#8221; text_font_size=&#8221;16px&#8221; global_colors_info=&#8221;{}&#8221;]<\/p>\n<div class=\"glass-card\">\n<div class=\"glass-card\">\n<p class=\"text-gray-600\">Valoramos el tiempo de nuestros clientes y nos comprometemos a cumplir con los plazos establecidos para cada servicio.<\/p>\n<\/div>\n<div class=\"glass-card\">\n<div class=\"mb-4 text-primary-600\"><\/div>\n<\/div>\n<\/div>\n<div class=\"glass-card\">\n<div class=\"mb-4 text-primary-600\"><\/div>\n<\/div>\n<p>[\/et_pb_text][\/et_pb_column][et_pb_column type=&#8221;1_4&#8243; _builder_version=&#8221;4.27.4&#8243; _module_preset=&#8221;default&#8221; background_color=&#8221;#FFFFFF&#8221; custom_padding=&#8221;20px|20px|20px|20px|true|true&#8221; border_radii=&#8221;on|6px|6px|6px|6px&#8221; box_shadow_style=&#8221;preset3&#8243; global_colors_info=&#8221;{}&#8221;][et_pb_icon font_icon=&#8221;&#xf500;||fa||900&#8243; icon_width=&#8221;30px&#8221; align=&#8221;left&#8221; _builder_version=&#8221;4.27.4&#8243; _module_preset=&#8221;default&#8221; custom_margin=&#8221;||8px|||&#8221; global_colors_info=&#8221;{}&#8221;][\/et_pb_icon][et_pb_heading title=&#8221;Trabajo en Equipo&#8221; _builder_version=&#8221;4.27.4&#8243; _module_preset=&#8221;default&#8221; title_level=&#8221;h2&#8243; custom_margin=&#8221;15px||10px||false|false&#8221; global_colors_info=&#8221;{}&#8221;][\/et_pb_heading][et_pb_text _builder_version=&#8221;4.27.4&#8243; _module_preset=&#8221;default&#8221; text_font_size=&#8221;16px&#8221; global_colors_info=&#8221;{}&#8221;]<\/p>\n<div class=\"glass-card\">\n<div class=\"glass-card\">\n<p class=\"text-gray-600\">Fomentamos la colaboraci\u00f3n y comunicaci\u00f3n efectiva entre nuestros profesionales para lograr resultados \u00f3ptimos.<\/p>\n<\/div>\n<div class=\"glass-card\">\n<div class=\"mb-4 text-primary-600\"><\/div>\n<\/div>\n<\/div>\n<div class=\"glass-card\">\n<div class=\"mb-4 text-primary-600\"><\/div>\n<\/div>\n<p>[\/et_pb_text][\/et_pb_column][et_pb_column type=&#8221;1_4&#8243; _builder_version=&#8221;4.27.4&#8243; _module_preset=&#8221;default&#8221; background_color=&#8221;#FFFFFF&#8221; custom_padding=&#8221;20px|20px|20px|20px|true|true&#8221; border_radii=&#8221;on|6px|6px|6px|6px&#8221; box_shadow_style=&#8221;preset3&#8243; global_colors_info=&#8221;{}&#8221;][et_pb_icon font_icon=&#8221;&#xe0f5;||divi||400&#8243; icon_width=&#8221;30px&#8221; align=&#8221;left&#8221; _builder_version=&#8221;4.27.4&#8243; _module_preset=&#8221;default&#8221; custom_margin=&#8221;||8px|||&#8221; global_colors_info=&#8221;{}&#8221;][\/et_pb_icon][et_pb_heading title=&#8221;Compromiso&#8221; _builder_version=&#8221;4.27.4&#8243; _module_preset=&#8221;default&#8221; title_level=&#8221;h2&#8243; custom_margin=&#8221;15px||10px||false|false&#8221; global_colors_info=&#8221;{}&#8221;][\/et_pb_heading][et_pb_text _builder_version=&#8221;4.27.4&#8243; _module_preset=&#8221;default&#8221; text_font_size=&#8221;16px&#8221; global_colors_info=&#8221;{}&#8221;]<\/p>\n<div class=\"glass-card\">\n<section class=\"py-16 bg-blue-50\">\n<div class=\"container-custom\">\n<div class=\"grid grid-cols-1 md:grid-cols-2 lg:grid-cols-4 gap-8\">\n<div class=\"glass-card\">\n<p class=\"text-gray-600\"><span>Nos comprometemos a ofrecer soluciones personalizadas que satisfagan las necesidades espec\u00edficas de cada cliente.<\/span><\/p>\n<\/div>\n<\/div>\n<\/div>\n<\/section>\n<section class=\"py-16 bg-white\">\n<div class=\"container-custom\">\n<div class=\"text-center mb-16\"><\/div>\n<\/div>\n<\/section>\n<\/div>\n<div class=\"glass-card\">\n<div class=\"mb-4 text-primary-600\"><\/div>\n<\/div>\n<p>[\/et_pb_text][\/et_pb_column][\/et_pb_row][\/et_pb_section]<\/p>\n","protected":false},"excerpt":{"rendered":"<p>Un Compromiso con el Confort Nuestra trayectoria refleja dedicaci\u00f3n, innovaci\u00f3n y un compromiso constante con el bienestar de las personas. Cada proyecto es una oportunidad para ofrecer confort, eficiencia energ\u00e9tica y un impacto positivo en el entorno.8+ A\u00f1os de Experiencia500+ Proyectos Completados1000+ Clientes Satisfechos100% Tasa de Satisfacci\u00f3nUna D\u00e9cada de Excelencia &nbsp; Fundada en 2017, Vikas [&hellip;]<\/p>\n","protected":false},"author":1,"featured_media":0,"parent":0,"menu_order":0,"comment_status":"closed","ping_status":"closed","template":"","meta":{"_acf_changed":false,"_et_pb_use_builder":"on","_et_pb_old_content":"<!-- wp:divi\/placeholder \/-->","_et_gb_content_width":"","footnotes":""},"class_list":["post-28","page","type-page","status-publish","hentry"],"acf":[],"_links":{"self":[{"href":"https:\/\/vikas.cl\/index.php?rest_route=\/wp\/v2\/pages\/28","targetHints":{"allow":["GET"]}}],"collection":[{"href":"https:\/\/vikas.cl\/index.php?rest_route=\/wp\/v2\/pages"}],"about":[{"href":"https:\/\/vikas.cl\/index.php?rest_route=\/wp\/v2\/types\/page"}],"author":[{"embeddable":true,"href":"https:\/\/vikas.cl\/index.php?rest_route=\/wp\/v2\/users\/1"}],"replies":[{"embeddable":true,"href":"https:\/\/vikas.cl\/index.php?rest_route=%2Fwp%2Fv2%2Fcomments&post=28"}],"version-history":[{"count":7,"href":"https:\/\/vikas.cl\/index.php?rest_route=\/wp\/v2\/pages\/28\/revisions"}],"predecessor-version":[{"id":711,"href":"https:\/\/vikas.cl\/index.php?rest_route=\/wp\/v2\/pages\/28\/revisions\/711"}],"wp:attachment":[{"href":"https:\/\/vikas.cl\/index.php?rest_route=%2Fwp%2Fv2%2Fmedia&parent=28"}],"curies":[{"name":"wp","href":"https:\/\/api.w.org\/{rel}","templated":true}]}}